 5*z**2 + 2*z + 2. Let t be 11/2 + (-13)/26. Calculate a(t).
12
Let w(t) be the first derivative of -t**6/120 + t**4/24 + t**3/3 + 3*t**2/2 - 1. Let g(r) be the second derivative of w(r). Suppose 0 = -v + 3*v. What is g(v)?
2
Suppose 19 + 3 = 3*n + 4*g, 4*n - 4*g = 20. Let z be (-28)/n*108/(-126). Let p(a) = -5*a + 6. What is p(z)?
-14
Let d(x) be the first derivative of 0*x - 2 + 2/3*x**3 + 1/2*x**2. Determine d(-2).
6
Let i(m) = -2*m**2 - 2*m - 13 + m**2 + 0*m**2 + 12. Calculate i(2).
-9
Let z = -11 + 16. Let g(q) = -z*q - 2*q - q**2 + q - 3. Give g(-5).
2
Let r(k) = -k**3 + 5*k**2 - 5*k. Let g(h) = 4*h - 6 - h - h**2 + 3*h. Let v be g(4). Let y be (-3 - v - -3)*-2. Calculate r(y).
-4
Let u be (-24)/14 + 4/(-14). Let q be ((-2 - -7) + u)/1. Suppose d + 6 = q*d. Let y(s) = -s. Determine y(d).
-3
Let c(o) = -6*o**2 - 18*o**2 + 22*o**2 + 3*o - 6. Calculate c(4).
-26
Let d(n) = 5*n**2 + n. Let p(w) = -w**3 + 3*w + 1. Let o be p(2). Calculate d(o).
4
Let h(g) = -2*g - 7. Let j(l) = l**2 + 8*l + 8. Let w be j(-7). Let s(i) = w + 0 + 7 + 3*i. Let n(v) = -4*h(v) - 3*s(v). Give n(5).
-1
Let o be 3/12 - (-30)/8. Let q = 2 - 0. Let p(r) = -2*r + 0*r + r**q - 3*r + 2. Determine p(o).
-2
Let q(j) = j**3 - 5*j**2 - 6*j + 5. Let p(k) = k**2 + 4*k - 6. Let y be p(-6). Determine q(y).
5
Let d(u) = -4*u**3 + u**2 + 2*u - 1. Let r = 110 + -108. Give d(r).
-25
Let y(q) = q**2 - 4*q - 4. Let f(h) = -h + 4. Let m be f(3). Let l be 21/4 + m/(-4). What is y(l)?
1
Let g(m) be the second derivative of -3*m + 0 - m**2 + 1/6*m**3 + 1/4*m**4. What is g(-2)?
8
Let n = 0 + -1. Let j be -2 + 1 + -1 + n. Let r(d) = -d**2 - 4*d + 4. Let p(y) = y**2 + 3*y - 3. Let w(k) = j*p(k) - 2*r(k). What is w(2)?
-5
Let o be 1/((-2)/4) + 4. Let k(q) = -q - 3 - o + 2*q. Let x be (-12)/10*(4 - 66/9). Give k(x).
-1
Let u(w) = -6*w**3 + w**2 - w + 1. Let x be (4/12)/((1 + -5)/(-12)). Give u(x).
-5
Let n(m) = 3*m**3 + 6*m + 3. Let d(s) = 4*s**3 - s**2 + 7*s + 2. Let r(x) = -4*d(x) + 5*n(x). Suppose 0 = -4*p + 2*f + 28, 3*p + f + 1 = -3*f. Give r(p).
-8
Suppose 0 = 3*m - 8*m + 10. Let p(y) be the third derivative of -m*y**2 + 0*y - 1/60*y**5 + 0 + 1/12*y**4 + 1/3*y**3. Determine p(4).
-6
Let t = 93 - 90. Let q(g) = -5*g + 6. Let k(o) = -5*o + 5. Let d(v) = -4*k(v) + 3*q(v). Give d(t).
13
Let g = -67 + 67. Let n(t) = -t + 5. Calculate n(g).
5
Let g(i) = -i - 2. Let y be g(-4). Let s(h) be the third derivative of h**5/20 - h**4/24 + 7*h**2. What is s(y)?
10
Let q(l) = -l**3 - 12*l**2 - l - 6. Let w be q(-12). Let j(p) = -p**3 + 6*p**2 + 5*p - 8. Determine j(w).
22
Let g(r) = r**3 + r**2 - 7*r - 6. Suppose -14*o - 40 = -4*o. What is g(o)?
-26
Let w(a) = a. Suppose 1 = 2*j + 15. Calculate w(j).
-7
Let z = -110 + 108. Let i(m) = 6*m - 1. Determine i(z).
-13
Suppose -2*a + 25 = 3*a. Let y(k) be the first derivative of -k**2/2 + k + 1. Calculate y(a).
-4
Let u(m) = 3*m + 4. Suppose -l - 3*w + 8 = 0, -7*l + 3*l + 5*w = 36. Calculate u(l).
-8
Let h(o) = o**2. Let d(c) = -2*c - 6. Let w be d(-6). Let j be 39/(-9) - 3/(-9). Let r = j + w. What is h(r)?
4
Let m = -4 + -14. Let v be (m/(-4))/(3/4). Let u(d) = 9 - 12 - 5*d + v - d**2. Determine u(-5).
3
Let a(v) be the second derivative of -5/6*v**3 - 1/2*v**2 + 1/3*v**4 + 2*v + 0 + 1/20*v**5. Let z be (-86)/18 + 12/(-54). What is a(z)?
-1
Let g be 5 + 5/((-5)/3). Suppose -5 = -3*t - g. Let f(d) = 2*d - d + 5 + t - 4. Determine f(-6).
-4
Let j(w) = -2*w + 1. Let f = 26 - 16. Let l be (28/35)/(2/f). Suppose -l*z - 9 - 3 = 0. Give j(z).
7
Let x(w) = -w**3 + w**2 - 1. Let p be (0 + 2)/(0 - (5 + -3)). Give x(p).
1
Let b(u) = 5*u + 5. Let a(z) be the second derivative of z**2/2 - 2*z. Let m(l) = 3*l. Let k(g) = -3*a(g) - m(g). Let n(h) = -4*b(h) - 7*k(h). Determine n(-2).
-1
Let d(q) be the second derivative of 0 - 1/6*q**3 - q + 1/2*q**2. Let x = 3 - 4. What is d(x)?
2
Let s(x) be the third derivative of x**4/24 + x**3/2 + 7*x**2. Give s(0).
3
Let v(l) = -l**2 + 6*l + 8. Suppose 4 = 2*q - 5*k, q - k = 4*k - 3. Let s be v(q). Let f(m) = -9*m + 1. Give f(s).
-8
Let a(j) = -j. Let n be a(5). Let p(k) = -k**3 - 5*k**2 - 2*k - 4. Determine p(n).
6
Let g(o) be the third derivative of o**6/720 - o**4/4 + 7*o**2. Let s(u) be the second derivative of g(u). Calculate s(2).
2
Let z(a) = 4*a**3. Let l(x) = -3*x**2 - 3*x - 7. Let i(p) = p**2 + p + 1. Let g(d) = 4*i(d) + l(d). Let y be g(-2). What is z(y)?
-4
Let q be (-1)/2*12*-1. Suppose q*s = 4*s + 10. Let u(f) = -f + 9. Determine u(s).
4
Let p(d) be the second derivative of d**4/12 + d**3/3 - 3*d**2/2 + 5*d. Determine p(2).
5
Let x(v) = 14*v - 1. Let j be x(1). Suppose 2*b + 2*i = 10, -b - j = -3*b - 3*i. Let m(u) = -2 + u**b - 1 + 0. What is m(0)?
-3
Let g(t) be the first derivative of 2*t - t**2 + 2*t**3 + 3 - 1/4*t**4. Calculate g(6).
-10
Let b = -28 - -21. Let g(s) = -s**3 - 7*s**2 + s - 1. Determine g(b).
-8
Suppose 0 = 2*g + 4*g - 48. Suppose 0 = -3*y + g*y - 20. Let n(d) = d**3 - 2*d**2 - 5*d. Calculate n(y).
12
Let k(f) be the first derivative of 3*f**2/2 + 3*f - 82. Suppose 0*s - 3 = s. What is k(s)?
-6
Let j(u) = -u - 2. Let p be j(-7). Suppose -2*l - 12 = -p*l. Let x(v) = -v**3 + 5*v**2 - 3*v + 4. Determine x(l).
8
Let c(l) = -2*l - 8. Let y = 54 - 62. Determine c(y).
8
Let s(l) = -l**3 - 6*l**2 - 4*l. Let y = 68 + -72. What is s(y)?
-16
Let h(f) be the first derivative of f**3/3 + f**2 + 2*f + 1. Suppose 13*s + 21 = -5. Give h(s).
2
Let o be -4 - -3 - (-4)/1. Let s(x) = -3 - 2*x + o. Let f be 3/(1 - (0 + 0)). Calculate s(f).
-6
Let t(u) = u**3 - 4*u**2 + 3*u + 3. Suppose 0 = -5*b + 4 + 11. What is t(b)?
3
Let n(x) = x**2 - 4*x - 6. Let s be n(5). Let z(k) = -25 + 75 + 4*k**3 - 27 - 22. Give z(s).
-3
Let u(v) = -v**3 - 4*v**2 + 2*v - 5. Suppose -5*q - 2*b = 3*b + 10, -3 = 4*q + 3*b. Let c(d) = 4 + 0 - 2*d - 3. Let m be c(q). Calculate u(m).
10
Let w(z) be the second derivative of z**4/6 - 2*z**3/3 + z**2 + 8*z. Determine w(2).
2
Let t be 5/(-10)*16/(-2). Let y(x) = 1 + x**2 + 4 - 1 - 7*x. Determine y(t).
-8
Suppose 1 = -i - 0. Let z(m) be the first derivative of m**2 - m + 2. Calculate z(i).
-3
Suppose 3*h = -h + 2*l - 14, -3*h = -l + 9. Let n(g) = -g - 4. Calculate n(h).
-2
Suppose y - 7 = -l - 2, 5*l - 16 = 4*y. Let m(u) be the second derivative of 0 + 1/2*u**2 - 1/6*u**3 - 2*u. Determine m(y).
0
Let v(q) be the first derivative of -q**2/2 - 10*q + 6. Let w be 17 - (-1)/(0 + 1). Suppose 2*p = 5*p + w. Give v(p).
-4
Let l(y) = -y - 5. Suppose -5*s - 4*t = 18 + 12, 3*t - 35 = 2*s. Let g(c) = -c - 14. Let z be g(s). Let k(b) = -b**3 - 4*b**2 + 5. Let n be k(z). What is l(n)?
-10
Let w(x) = -2*x + 5. Suppose 0 = q + 1 - 5. Calculate w(q).
-3
Let r(z) = z**3 - z**2 - z. Let x(t) = 3*t**3 + t**2 - 3*t - 1. Let b(o) = -4*r(o) + x(o). Determine b(4).
19
Let x(w) = -5*w. Let v(o) be the third derivative of o**6/120 - o**5/20 - o**4/12 + 2*o**3/3 - o**2. Let q be v(3). Let b = q + 3. Determine x(b).
-5
Let t(z) = 5*z**2 + 8 - 2*z**2 - 4*z**2 + 5*z - 6. Let s = -3 - -7. Give t(s).
6
Let i(f) = 4*f**2 + 11*f - 7. Let o(d) = 5*d**2 + 12*d - 8. Let s(w) = -6*i(w) + 5*o(w). What is s(4)?
-6
Let a(j) = j + 1. Let m(d) = -2*d**2 - 4*d - 1. Let b(y) = -3*a(y) + m(y). Give b(-4).
-8
Let m(z) = -z + 1. Let l = 39 - 41. Determine m(l).
3
Let t(n) = -7 + 8*n + 10*n**2 + 0 - 11*n**2. Calculate t(7).
0
Let v(s) = 1 - s + 7*s + 0. Suppose 5*r - 13 = -3. Suppose 3*z - r*z - 1 = 0. Give v(z).
7
Let i(t) = -37*t - 4. Let n(z) = -25*z - 3. Let k(p) = -5*i(p) + 7*n(p). Determine k(-1).
-11
Let v(r) be the third derivative of r**4/12 + 7*r**3/6 - 17*r**2. Calculate v(5).
17
Let i = -9 - -11. Let y = 17 + -10. Let m(f) = -y - 1 - 3 - f + i. What is m(0)?
-9
Let t(x) = -5*x**2 + 44*x + 6. Let d be t(9). Let v(u) = 6*u - 2. Calculate v(d).
-20
Let l(j) be the third derivative of j**4/24 + j**3/6 - 4*j**2. Give l(-1).
0
Let s(j) = -2*j**3 - 3*j**2 - 2*j - 3. Let h be -4 - (-5 + (-1 - -4)). Give s(h).
5
Let i(p) be the second derivative of 2*p**3/3 - p**2 - p - 4. Suppose 2*z - 3 = 5. Let g(w) = -w**3 + 3*w**2 + 5*w - 2. Let o be g(z). Give i(o).
6
Let i(x) = x**3 - 4*x**2 + 6*x. Let q(s) = -s**3 + 3*s**2 - 7*s - 1. Let v(m) = 5*i(m) + 4*q(m). Determine v(8).
12
Let w(y) = 6*y - 4 - y + 7 - 8*y. Give w(-3).
12
Let g be (2 - 2)/(-1 + 0). L